{"id":125,"date":"2026-04-15T16:39:05","date_gmt":"2026-04-15T16:39:05","guid":{"rendered":"https:\/\/asabol.mojweb.com.hr\/?page_id=125"},"modified":"2026-04-15T16:43:34","modified_gmt":"2026-04-15T16:43:34","slug":"o-projektu","status":"publish","type":"page","link":"https:\/\/asabol.mojweb.com.hr\/index.php\/o-projektu\/","title":{"rendered":"O projektu"},"content":{"rendered":"\n<div class=\"wp-block-media-text is-stacked-on-mobile\" style=\"grid-template-columns:22% auto\"><figure class=\"wp-block-media-text__media\"><img loading=\"lazy\" decoding=\"async\" width=\"500\" height=\"500\" src=\"https:\/\/asabol.mojweb.com.hr\/wp-content\/uploads\/2026\/04\/LOW_BUDGET-removebg-preview-1.png\" alt=\"\" class=\"wp-image-127 size-full\" srcset=\"https:\/\/asabol.mojweb.com.hr\/wp-content\/uploads\/2026\/04\/LOW_BUDGET-removebg-preview-1.png 500w, https:\/\/asabol.mojweb.com.hr\/wp-content\/uploads\/2026\/04\/LOW_BUDGET-removebg-preview-1-300x300.png 300w, https:\/\/asabol.mojweb.com.hr\/wp-content\/uploads\/2026\/04\/LOW_BUDGET-removebg-preview-1-150x150.png 150w\" sizes=\"auto, (max-width: 500px) 100vw, 500px\" \/><\/figure><div class=\"wp-block-media-text__content\">\n<p class=\"has-large-font-size\">O projektu<\/p>\n<\/div><\/div>\n\n\n\n<p>Ako si ikad po\u017eelio negdje oti\u0107i, ali te bud\u017eet zaustavio, zna\u0161 o \u010demu pri\u010dan.  Zato sam po\u010delatra\u017eiti na\u010dine kako pro\u0107i jeftinije, a opet izvu\u0107i maksimum iz svakog putovanja<\/p>\n\n\n\n<p>Ovdje dijelim stvari koje stvarno koristim \u2013 ideje za jeftina putovanja, male trikove za u\u0161tedu i prijedloge za kratke bijegove kad mi treba promjena. Ni\u0161ta luksuzno, ni\u0161ta komplicirano \u2013 samo realne opcije koje si mogu priu\u0161titi.<\/p>\n\n\n\n<p>Ova stranica je mjesto gdje skupljam sve to. Ideje za low budget avanture, kratke izlete, vikend bijegove i male trikove koji poma\u017eu da pro\u0111e\u0161 jeftinije, a do\u017eivi\u0161 vi\u0161e \ud83d\udca1<\/p>\n\n\n\n<p>Ne radi se o luksuzu, hotelima s pet zvjezdica ili savr\u0161enim planovima. Radi se o onom osje\u0107aju kad negdje ode\u0161 bez velikih o\u010dekivanja, a vrati\u0161 se s pri\u010dama koje pamti\u0161 dugo.<\/p>\n\n\n\n<p>Pokazat \u0107u ti kako: <br>\u2708\ufe0f putovati za si\u0107u<br>\ud83c\udf04 prona\u0107i skrivene lokacije<br>\ud83d\udcb8 izvu\u0107i maksimum iz minimalnog bud\u017eeta<\/p>\n\n\n\n<p><\/p>\n","protected":false},"excerpt":{"rendered":"<p>O projektu Ako si ikad po\u017eelio negdje oti\u0107i, ali te bud\u017eet zaustavio, zna\u0161 o \u010demu pri\u010dan. Zato sam po\u010delatra\u017eiti na\u010dine kako pro\u0107i jeftinije, a opet izvu\u0107i maksimum iz svakog putovanja Ovdje dijelim stvari koje stvarno koristim \u2013 ideje za jeftina putovanja, male trikove za u\u0161tedu i prijedloge za kratke bijegove kad mi treba promjena. Ni\u0161ta [&hellip;]<\/p>\n","protected":false},"author":1,"featured_media":0,"parent":0,"menu_order":0,"comment_status":"closed","ping_status":"closed","template":"","meta":{"footnotes":""},"class_list":["post-125","page","type-page","status-publish","hentry","entry"],"_links":{"self":[{"href":"https:\/\/asabol.mojweb.com.hr\/index.php\/wp-json\/wp\/v2\/pages\/125","targetHints":{"allow":["GET"]}}],"collection":[{"href":"https:\/\/asabol.mojweb.com.hr\/index.php\/wp-json\/wp\/v2\/pages"}],"about":[{"href":"https:\/\/asabol.mojweb.com.hr\/index.php\/wp-json\/wp\/v2\/types\/page"}],"author":[{"embeddable":true,"href":"https:\/\/asabol.mojweb.com.hr\/index.php\/wp-json\/wp\/v2\/users\/1"}],"replies":[{"embeddable":true,"href":"https:\/\/asabol.mojweb.com.hr\/index.php\/wp-json\/wp\/v2\/comments?post=125"}],"version-history":[{"count":1,"href":"https:\/\/asabol.mojweb.com.hr\/index.php\/wp-json\/wp\/v2\/pages\/125\/revisions"}],"predecessor-version":[{"id":129,"href":"https:\/\/asabol.mojweb.com.hr\/index.php\/wp-json\/wp\/v2\/pages\/125\/revisions\/129"}],"wp:attachment":[{"href":"https:\/\/asabol.mojweb.com.hr\/index.php\/wp-json\/wp\/v2\/media?parent=125"}],"curies":[{"name":"wp","href":"https:\/\/api.w.org\/{rel}","templated":true}]}}